t f(o) = 7*o + 11. What is f(-1)?
4
Let d(k) = -594*k + 5939. Give d(10).
-1
Let n(d) = d**3 + 62*d**2 + 100*d + 2373. Determine n(-61).
-6
Let r(w) = 7*w + 392. Determine r(-19).
259
Let q(g) = 38*g + 657. What is q(-17)?
11
Let a(q) = -q**2 + 33*q + 339. Determine a(41).
11
Let d(k) = k**2 - 140*k - 942. Give d(-7).
87
Let g(z) = -z**3 - 74*z**2 - 218*z - 5. Determine g(-3).
10
Let t(h) = h**2 + 20*h - 41. Calculate t(2).
3
Let j(m) = 25*m - 1992. Give j(79).
-17
Let d(s) = s**3 + 33*s**2 + 32*s - 153. What is d(-32)?
-153
Let o(w) = -w**3 - 73*w**2 + 11*w + 758. What is o(-73)?
-45
Let x(h) = 199*h**2 - 7*h - 5. Determine x(-1).
201
Let p(a) = -a**3 + 32*a**2 - 66*a - 1289. Give p(28).
-1
Let g(d) = -13*d**3 + 20*d + 19. Calculate g(-1).
12
Let f(b) = 220*b**2 - 603*b + 603. Calculate f(1).
220
Let q(n) = 6082*n - 115564. What is q(19)?
-6
Let c(v) = v**3 + 147*v**2 - 467*v - 2665. Determine c(-150).
-115
Let i(x) = 63*x + 159. Determine i(-3).
-30
Let h(q) = -15*q**2 - 1140*q - 22. Calculate h(-76).
-22
Let w(n) = -30*n - 148. Calculate w(0).
-148
Let v(d) = 62*d**2 - 326*d + 8. What is v(5)?
-72
Let r(t) = -t**2 - 26*t - 90. Calculate r(-6).
30
Let p(m) = m**2 + 8*m - 36. What is p(3)?
-3
Let w(f) = -102*f - 308. Calculate w(-3).
-2
Let y(f) = 464*f + 239. Give y(-1).
-225
Let y(p) = -p**3 - 27*p**2 + 104*p + 450. Give y(-30).
30
Let n(l) = 5*l - 486. Give n(92).
-26
Let s(z) = -z**2 + 12143*z - 24288. Give s(2).
-6
Let z(r) = 2*r - 11. Calculate z(-20).
-51
Let y(u) = 118*u + 397. Determine y(-3).
43
Let j(t) = 18*t + 37. Give j(-10).
-143
Let p(r) = -3*r**2 + 34*r - 143. Calculate p(7).
-52
Let w(m) = m**3 - 40*m**2 + 228*m + 111. Determine w(33).
12
Let b(h) = -5*h**3 - 3*h**2 - 21*h - 46. Determine b(-4).
310
Let p(y) = -4*y**2 - 192*y - 558. Determine p(-45).
-18
Let l(q) = -q**3 + 9*q**2 - 32*q + 114. What is l(7)?
-12
Let c(q) = 57*q + 2658. What is c(-46)?
36
Let a(n) = -156*n - 1920. Give a(-12).
-48
Let x(y) = -21*y - 76. Determine x(-2).
-34
Let j(k) = -k**3 + 44*k**2 + 811*k + 49. Determine j(58).
-9
Let q(g) = 1194*g + 27456. Determine q(-23).
-6
Let v(x) = -4*x**2 + 63*x + 123. Determine v(17).
38
Let g(y) = y**2 - 62*y + 1097. Give g(22).
217
Let t(y) = -23*y**3 - 3*y**2 - 72*y + 76. Determine t(1).
-22
Let l(b) = 20*b**3 - 14*b**2 + 14*b - 1. Determine l(1).
19
Let u(a) = 57*a**2 + 850*a - 52. What is u(-15)?
23
Let s(n) = -66*n - 2073. Determine s(-32).
39
Let w(z) = -247*z - 736. Determine w(-3).
5
Let y(n) = 50*n + 83. What is y(-14)?
-617
Let s(k) = -k**2 + 8*k + 31. Determine s(0).
31
Let y(g) = -109*g + 332. Determine y(3).
5
Let r(x) = -x**2 + 688*x + 56394. Give r(-74).
6
Let r(i) = -i**3 - 39*i**2 - 6*i - 239. Calculate r(-39).
-5
Let i(c) = -c**3 - 7*c**2 - 1639*c - 11520. Determine i(-7).
-47
Let u(f) = 681*f - 100105. Calculate u(147).
2
Let l(i) = -i**3 + 2*i**2 + 187*i - 547. What is l(3)?
5
Let g(x) = x**3 - 7*x**2 + 4*x - 15. Calculate g(7).
13
Let t(w) = 5*w**2 + 192*w - 96. Give t(-39).
21
Let r(i) = -12*i + 632. Give r(50).
32
Let o(y) = -y**3 - 6*y**2 - 5*y - 29. Determine o(-6).
1
Let v(r) = r**3 - 2*r**2 + 7*r. What is v(0)?
0
Let y(u) = 37*u + 2917. What is y(-80)?
-43
Let i(q) = -9*q**3 - 133*q**2 + 27*q - 38. Calculate i(-15).
7
Let t(d) = -d**2 + 72*d - 673. Give t(10).
-53
Let y(s) = 10218*s - 61307. Determine y(6).
1
Let t(o) = -248*o - 8182. Determine t(-33).
2
Let z(c) = 1443*c - 12989. Calculate z(9).
-2
Let y(b) = 25*b - 576. Calculate y(24).
24
Let y(m) = -53*m + 355. Determine y(8).
-69
Let h(f) = 10*f**2 - 825*f + 338. Calculate h(82).
-72
Let w(v) = -v**3 - 136*v**2 - 2*v - 316. What is w(-136)?
-44
Let c(w) = 44*w + 2489. Determine c(-57).
-19
Let k(c) = c**3 - 10*c**2 - 56*c + 395. What is k(12)?
11
Let m(j) = -j**2 - 27*j - 169. Determine m(-12).
11
Let t(k) = -136*k + 272. Determine t(2).
0
Let q(g) = -g**3 - 331*g**2 + 97*g + 32118. Determine q(-331).
11
Let c(f) = -3*f**2 - 104*f + 890. Determine c(7).
15
Let z(x) = -105*x + 425. Give z(4).
5
Let w(l) = 2*l**2 - 19*l - 93. Determine w(-6).
93
Let x(j) = -3*j**2 + 74*j + 91. Give x(25).
66
Let s(t) = 860*t - 408499. Calculate s(475).
1
Let c(l) = -22*l**3 + 4*l**2 + 10*l + 7. Give c(-2).
179
Let h(u) = -211*u - 14372. Give h(-68).
-24
Let b(s) = -16*s**2 - 11*s - 16. What is b(-5)?
-361
Let y(s) = s**3 - 6*s**2 - 22*s + 35. Determine y(9).
80
Let f(s) = -s**3 + 3*s**2 + 35*s + 55. What is f(8)?
15
Let i(l) = l**2 - 192*l - 15716. What is i(-62)?
32
Let a(q) = 97*q**2 + 1483*q + 419. Give a(-15).
-1
Let i(q) = 7*q + 55. Determine i(0).
55
Let a(r) = 2*r**2 + 10*r - 48. Calculate a(-9).
24
Let g(b) = -9*b**3 + 54*b**2 + 9*b + 5. What is g(6)?
59
Let y(l) = 3*l**2 - 52*l - 74. Calculate y(19).
21
Let t(d) = -113*d + 704. Determine t(6).
26
Let r(a) = -19*a**2 - 1391*a - 294. Determine r(-73).
-2
Let q(u) = 27*u**2 + 31*u - 33. Give q(1).
25
Let w(k) = 3*k**2 - 8*k. Determine w(3).
3
Let d(q) = -12*q**3 - 6*q**2 + 85*q - 165. Give d(2).
-115
Let f(z) = 4*z**3 - 47*z**2 - 74*z + 93. Determine f(13).
-24
Let g(c) = c + 107. Calculate g(17).
124
Let y(b) = -269*b - 15871. Determine y(-59).
0
Let v(x) = 43*x - 855. What is v(20)?
5
Let q(u) = 52*u - 8218. Determine q(158).
-2
Let q(y) = 2*y + 56. Determine q(18).
92
Let k(a) = -115*a**2 - 229*a - 7. What is k(-2)?
-9
Let j(r) = 626*r + 5103. Determine j(-8).
95
Let z(g) = 26*g**3 + 1379*g**2 + 52*g - 70. Determine z(-53).
-17
Let a(q) = 2*q**2 - 18*q - 2334. What is a(-30)?
6
Let d(k) = k**2 + 76*k - 3567. Determine d(-107).
-250
Let x(h) = -1252*h - 52589. Calculate x(-42).
-5
Let b(v) = -56*v - 559. What is b(-10)?
1
Let c(g) = 10*g**2 - 1656*g + 986. What is c(165)?
-4
Let m(u) = -u**2 - 20*u + 5. Give m(-25).
-120
Let i(o) = -o**3 - 6*o**2 + 53*o - 91. Determine i(2).
-17
Let o(s) = -2*s**3 + 4*s**2 + 5*s - 1. Calculate o(-3).
74
Let u(j) = 3*j**2 + 12*j - 172. Calculate u(7).
59
Let s(q) = -2*q**3 + 11*q**2 - 30*q + 16. Determine s(7).
-341
Let d(k) = -9*k**2 + 83*k - 9. What is d(10)?
-79
Let h(y) = y**3 - 9*y**2 + 10*y + 21. Give h(8).
37
Let v(x) = -x**3 + 9*x**2 - 8*x - 16. Calculate v(7).
26
Let j(r) = 128*r + 271. What is j(-2)?
15
Let g(u) = 4*u**3 + 4*u**2 + 444*u + 890. Calculate g(-2).
-14
Let a(k) = 2*k**3 - 15*k**2 - 75. Give a(8).
-11
Let s(b) = 8*b**2 - 101*b + 51. Give s(12).
-9
Let u(h) = 23*h + 511. Determine u(0).
511
Let a(k) = -k**2 + 27*k + 18. What is a(-4)?
-106
Let m(p) = -p**3 - 11*p**2 - 13*p + 113. Calculate m(-10).
143
Let g(n) = 3911*n + 6. Give g(0).
6
Let j(t) = -152*t - 7261. Give j(-48).
35
Let s(h) = h**3 + 26*h**2 + 236*h + 867. Calculate s(-13).
-4
Let b(j) = 9*j**2 + 165*j - 35. Determine b(-22).
691
Let l(w) = w**2 + 78*w + 1301. Determine l(-23).
36
Let a(c) = -39*c + 8. Determine a(4).
-148
Let j(p) = -p**3 - 35*p**2 - 29*p + 62. Calculate j(-34).
-108
Let y(u) = -8*u**2 + 96*u - 18. What is y(8)?
238
Let x(d) = 3*d**3 - 8*d**2 - 14*d + 6. Determine x(6).
282
Let c(p) = 4*p**2 + 44*p - 608. Determine c(-19).
0
Let h(t) = -15*t**3 + 17*t**2 + 21*t + 3. What is h(-1)?
14
Let a(u) = u**2 - 33*u - 168. Determine a(38).
22
Let l(i) = i**2 + 24*i - 198. What is l(0)?
-198
Let y(v) = 4*v**2 - 10*v - 47. Calculate y(6).
37
Let j(w) = -w**3 + 31*w**2 - 32*w - 16. Determine j(30).
-76
Let p(o) = 2*o**2 + 26*o - 542. Give p(15).
298
Let o(j) = j**3 - 59*j**2 - 138*j + 44. Give o(61).
-932
Let o(m) = -2054*m - 36962. Determine o(-18).
10
Let d(h) = h**3 - 16*h**2 - 47*h - 174. Calculate d(19).
16
Let h(v) = -3*v**3 - 154*v**2 - 61*v - 201. Give h(-51).
309
Let t(m) = -10*m**3 - 389*m**2 + 38*m - 28. Determine t(-39).
11
Let o(j) = -9*j**2 + 30*j + 4. Determine o(4).
-20
Let m(t) = -t**3 + 19*t**2 - 16*t + 308. Calculate m(19).
4
Let g(s) = -1268*s + 15214. Give g(12).
-2
Let t(l) = -20*l + 7. Give t(2).
-33
Let b(w) = -3867*w + 88945. Calculate b(23).
4
Let s(q) = -6024*q - 42161. Calculate s(-7).
7
Let b(g) = -4*g**2 - 238*g - 101. Calculate b(-60).
-221
Let a(o) = -o**3 + 16*o**2 + 25*o - 7. Determine a(18).
-205
Let u(x) = -2*x**2 + 21*x + 200. What is u(-6)?
2
Let o(p) = 3*p**2 + 12*p + 26. What is o(-6)?
62
Let v(x) = 2*x**3 + 47*x**2 - 127*x + 85. Calculate v(-26).
7
Let y(r) = -3*r**2 - 34*r + 64. What is y(-13)?
-1
Let y(w) = w**2 - 449*w + 2204